der when 901972 is divided by 124?
120
What is the remainder when 21166 is divided by 4229?
21
What is the remainder when 11151 is divided by 3713?
12
Calculate the remainder when 7083 is divided by 1738.
131
What is the remainder when 226906 is divided by 224?
218
What is the remainder when 7141 is divided by 7?
1
Calculate the remainder when 44138 is divided by 22054.
30
What is the remainder when 400258 is divided by 48?
34
Calculate the remainder when 5479 is divided by 1255.
459
Calculate the remainder when 3617 is divided by 347.
147
Calculate the remainder when 4569 is divided by 230.
199
What is the remainder when 17567 is divided by 17508?
59
Calculate the remainder when 97187 is divided by 91.
90
What is the remainder when 13849 is divided by 3372?
361
Calculate the remainder when 50102 is divided by 49.
24
What is the remainder when 298 is divided by 73?
6
What is the remainder when 514339 is divided by 171440?
19
Calculate the remainder when 35259 is divided by 229.
222
Calculate the remainder when 242124 is divided by 172.
120
What is the remainder when 2723098 is divided by 60?
58
What is the remainder when 10420 is divided by 577?
34
What is the remainder when 69980 is divided by 78?
14
Calculate the remainder when 7617 is divided by 226.
159
What is the remainder when 56909 is divided by 18953?
50
Calculate the remainder when 707 is divided by 695.
12
What is the remainder when 4955 is divided by 1478?
521
Calculate the remainder when 173722 is divided by 15.
7
Calculate the remainder when 5955 is divided by 1185.
30
What is the remainder when 8522 is divided by 80?
42
Calculate the remainder when 34467 is divided by 18.
15
What is the remainder when 108922 is divided by 35?
2
Calculate the remainder when 3992 is divided by 168.
128
Calculate the remainder when 5409 is divided by 56.
33
Calculate the remainder when 277 is divided by 65.
17
Calculate the remainder when 303116 is divided by 56.
44
Calculate the remainder when 274 is divided by 96.
82
What is the remainder when 483 is divided by 12?
3
Calculate the remainder when 129875 is divided by 89.
24
What is the remainder when 1791 is divided by 1564?
227
Calculate the remainder when 29518 is divided by 82.
80
Calculate the remainder when 51170 is divided by 1462.
0
Calculate the remainder when 608075 is divided by 399.
398
What is the remainder when 5452 is divided by 1807?
31
What is the remainder when 446 is divided by 39?
17
Calculate the remainder when 5451 is divided by 1.
0
What is the remainder when 7995 is divided by 363?
9
What is the remainder when 15492 is divided by 10?
2
Calculate the remainder when 14344 is divided by 574.
568
What is the remainder when 325198 is divided by 1355?
1353
What is the remainder when 49998 is divided by 329?
319
What is the remainder when 122883 is divided by 13?
7
Calculate the remainder when 13934 is divided by 2318.
26
What is the remainder when 137696 is divided by 34413?
44
Calculate the remainder when 12521 is divided by 114.
95
What is the remainder when 807947 is divided by 12?
11
Calculate the remainder when 1737 is divided by 1722.
15
What is the remainder when 1429 is divided by 938?
491
What is the remainder when 78694 is divided by 20?
14
Calculate the remainder when 97232 is divided by 97225.
7
What is the remainder when 4547 is divided by 785?
622
What is the remainder when 1043999 is divided by 2400?
2399
What is the remainder when 3148305 is divided by 54?
51
Calculate the remainder when 1452 is divided by 477.
21
Calculate the remainder when 50008 is divided by 7120.
168
Calculate the remainder when 22114 is divided by 462.
400
What is the remainder when 5785 is divided by 50?
35
What is the remainder when 2171 is divided by 3?
2
Calculate the remainder when 5025 is divided by 59.
10
What is the remainder when 8239 is divided by 190?
69
What is the remainder when 1171499 is divided by 4355?
4
What is the remainder when 25369 is divided by 107?
10
Calculate the remainder when 3078 is divided by 257.
251
What is the remainder when 62718 is divided by 149?
138
Calculate the remainder when 2752 is divided by 1400.
1352
Calculate the remainder when 104229 is divided by 5.
4
Calculate the remainder when 400971 is divided by 6.
3
Calculate the remainder when 37907 is divided by 632.
619
Calculate the remainder when 122332 is divided by 913.
903
What is the remainder when 1257663 is divided by 419217?
12
What is the remainder when 13392 is divided by 197?
193
What is the remainder when 192753 is divided by 20?
13
What is the remainder when 10241 is divided by 1459?
28
Calculate the remainder when 46287 is divided by 1251.
0
Calculate the remainder when 31751 is divided by 276.
11
What is the remainder when 833 is divided by 280?
273
What is the remainder when 1800 is divided by 445?
20
What is the remainder when 8100 is divided by 2607?
279
Calculate the remainder when 174264 is divided by 111.
105
Calculate the remainder when 14723 is divided by 1618.
161
Calculate the remainder when 113982 is divided by 44.
22
What is the remainder when 23420 is divided by 10889?
1642
What is the remainder when 4384 is divided by 100?
84
Calculate the remainder when 9356 is divided by 234.
230
Calculate the remainder when 9634 is divided by 214.
4
What is the remainder when 4683 is divided by 27?
12
Calculate the remainder when 25695 is divided by 134.
101
Calculate the remainder when 382470 is divided by 91.
88
Calculate the remainder when 24812 is divided by 763.
396
Calculate the remainder when 5341 is divided by 337.
286
Calculate the remainder when 34543 is divided by 272.
271
Calculate the remainder when 43449 is divided by 102.
99
What is the remainder when 23537 is divided by 31?
8
What is the remainder when 22565 is divided by 7520?
5
Calculate the remainder when 50638 is divided by 44.
38
Calculate the remainder when 4001 is divided by 6.
5
Calculate the remainder when 131449 is divided by 131436.
13
Calculate the remainder when 19480 is divided by 24.
16
Calculate the remainder when 37821 is divided by 1457.
1396
Calculate the remainder when 2708 is divided by 224.
20
Calculate the remainder when 25954 is divided by 7.
5
Calculate the remainder when 21501 is divided by 352.
29
Calculate the remainder when 5950 is divided by 101.
92
Calculate the remainder when 362876 is divided by 336.
332
Calculate the remainder when 3112 is divided by 637.
564
Calculate the remainder when 27300 is divided by 8989.
333
Calculate the remainder when 705377 is divided by 20.
17
What is the remainder when 205801 is divided by 34?
33
Calculate the remainder when 25530 is divided by 8510.
0
What is the remainder when 179637 is divided by 802?
791
Calculate the remainder when 14690 is divided by 312.
26
What is the remainder when 2104 is divided by 379?
209
Calculate the remainder when 22223 is divided by 127.
125
Calculate the remainder when 2437 is divided by 646.
499
Calculate the remainder when 3004 is divided by 749.
8
Calculate the remainder when 21801 is divided by 232.
225
What is the remainder when 351329 is divided by 14?
13
What is the remainder when 11418 is divided by 1148?
1086
Calculate the remainder when 688 is divided by 341.
6
What is the remainder when 16649 is divided by 427?
423
Calculate the remainder when 4258 is divided by 26.
20
What is the remainder when 12296 is divided by 495?
416
What is the remainder when 1000 is divided by 628?
372
What is the remainder when 17183 is divided by 79?
40
What is the remainder when 503247 is divided by 10?
7
What is the remainder when 1799 is divided by 12?
11
What is the remainder when 119322 is divided by 17044?
14
What is the remainder when 913 is divided by 553?
360
Calculate the remainder when 2582 is divided by 8.
6
Calculate the remainder when 409294 is divided by 80.
14
What is the remainder when 698602 is divided by 4990?
2
Calculate the remainder when 8402 is divided by 6.
2
Calculate the remainder when 41143 is divided by 319.
311
What is the remainder when 36649 is divided by 77?
74
What is the remainder when 49185 is divided by 12?
9
What is the remainder when 8139 is divided by 592?
443
Calculate the remainder when 1554 is divided by 581.
392
What is the remainder when 